{"id":689,"date":"2016-01-05T18:05:55","date_gmt":"2016-01-05T18:05:55","guid":{"rendered":"http:\/\/teamway.pt\/?page_id=689"},"modified":"2022-09-15T21:20:42","modified_gmt":"2022-09-15T21:20:42","slug":"eventos","status":"publish","type":"page","link":"https:\/\/teamway.pt\/index.php\/eventos\/","title":{"rendered":"Eventos"},"content":{"rendered":"<p style=\"text-align: center;\">\u00a0 <a href=\"http:\/\/teamway.pt\/wp-content\/uploads\/2016\/01\/logos.png\"><img loading=\"lazy\" class=\"wp-image-1907 aligncenter\" src=\"http:\/\/teamway.pt\/wp-content\/uploads\/2016\/01\/logos.png\" alt=\"\" width=\"274\" height=\"155\" srcset=\"https:\/\/teamway.pt\/wp-content\/uploads\/2016\/01\/logos.png 644w, https:\/\/teamway.pt\/wp-content\/uploads\/2016\/01\/logos-300x170.png 300w\" sizes=\"(max-width: 274px) 100vw, 274px\" \/><\/a><\/p>\n<h2 style=\"text-align: center;\"><strong>365\/6 dias por ano para mudar o mundo!<\/strong><\/h2>\n<p style=\"text-align: center;\"><a href=\"http:\/\/teamway.pt\/index.php\/events\/\">Descobre os eventos TEAMWAY de norte a sul do pa\u00eds e as forma\u00e7\u00f5es CumLaude21.<\/a><\/p>\n<p><a href=\"http:\/\/teamway.pt\/wp-content\/uploads\/2016\/01\/cumlaude.jpg\"><img loading=\"lazy\" class=\"alignright size-full wp-image-1908\" src=\"http:\/\/teamway.pt\/wp-content\/uploads\/2016\/01\/cumlaude.jpg\" alt=\"\" width=\"960\" height=\"540\" srcset=\"https:\/\/teamway.pt\/wp-content\/uploads\/2016\/01\/cumlaude.jpg 960w, https:\/\/teamway.pt\/wp-content\/uploads\/2016\/01\/cumlaude-300x169.jpg 300w, https:\/\/teamway.pt\/wp-content\/uploads\/2016\/01\/cumlaude-768x432.jpg 768w\" sizes=\"(max-width: 960px) 100vw, 960px\" \/><\/a><\/p>\n","protected":false},"excerpt":{"rendered":"<p>\u00a0 365\/6 dias por ano para mudar o mundo! Descobre os eventos TEAMWAY de norte a sul do pa\u00eds e as forma\u00e7\u00f5es CumLaude21.<\/p>\n","protected":false},"author":1,"featured_media":0,"parent":0,"menu_order":1,"comment_status":"closed","ping_status":"open","template":"","meta":[],"_links":{"self":[{"href":"https:\/\/teamway.pt\/index.php\/wp-json\/wp\/v2\/pages\/689"}],"collection":[{"href":"https:\/\/teamway.pt\/index.php\/wp-json\/wp\/v2\/pages"}],"about":[{"href":"https:\/\/teamway.pt\/index.php\/wp-json\/wp\/v2\/types\/page"}],"author":[{"embeddable":true,"href":"https:\/\/teamway.pt\/index.php\/wp-json\/wp\/v2\/users\/1"}],"replies":[{"embeddable":true,"href":"https:\/\/teamway.pt\/index.php\/wp-json\/wp\/v2\/comments?post=689"}],"version-history":[{"count":4,"href":"https:\/\/teamway.pt\/index.php\/wp-json\/wp\/v2\/pages\/689\/revisions"}],"predecessor-version":[{"id":2268,"href":"https:\/\/teamway.pt\/index.php\/wp-json\/wp\/v2\/pages\/689\/revisions\/2268"}],"wp:attachment":[{"href":"https:\/\/teamway.pt\/index.php\/wp-json\/wp\/v2\/media?parent=689"}],"curies":[{"name":"wp","href":"https:\/\/api.w.org\/{rel}","templated":true}]}}